). List the prime factors of 1 - b/(-24) - 79/(-4).
2, 5
Suppose 5*g + 20 = 5, 3*g = -3*s - 3. Suppose v = 2*v + s. What are the prime factors of (24 + v + 0)*2?
2, 11
Let f = -8 + 8. Suppose f = -6*r + r - 100. Let y = r - -34. List the prime factors of y.
2, 7
Let d(f) = -f + 15. Let y be d(12). Let u be y - 1 - (-6 + 5). Suppose 2*m = u*m - 45. List the prime factors of m.
3, 5
Let f(y) = -3*y - 9 + 23 + 2*y. Let l be f(9). Let w = 20 - l. List the prime factors of w.
3, 5
Let r = -30 - -34. Let o = r + 1. Suppose m + 79 = 4*v + 2*m, -o*m - 25 = -v. List the prime factors of v.
2, 5
Let v(p) = -7*p - 7. Let w be v(-13). Suppose 0 = c - 4*c - w. Let s = 51 + c. What are the prime factors of s?
23
Let o(s) = 10*s**2 - 7*s - 11. Let a(q) = -q**3 - 3*q**2 + 4*q - 3. Let y be a(-4). What are the prime factors of o(y)?
2, 5
Let w(k) = 3*k**2 + 5*k + 8. Let a be w(8). Suppose 0 = -2*q - b + 120, -2*q = -6*q + b + a. What are the prime factors of q?
2, 3, 5
Let n(a) = -a**2 - 8*a - 3. Let g be n(-7). Suppose g*u + 39 = 7*u. What are the prime factors of u?
13
Suppose 3*s - s - 6 = 0. What are the prime factors of (-27)/s*30/(-9)?
2, 3, 5
Suppose 963 = -0*h + 3*h. List the prime factors of h.
3, 107
Let s(g) = -g + 24. Let m(i) = 25. Let l(c) = 3*m(c) - 2*s(c). Suppose 3*a + 0*a = 5*p + 30, -4*a + p + 57 = 0. List the prime factors of l(a).
3, 19
Let s(d) = -d - 4. Let j be s(-7). Suppose j*u = -2*c + 123, c + 30 + 11 = u. List the prime factors of u.
41
Suppose -5*z - 382 = -7102. What are the prime factors of z?
2, 3, 7
Let i(z) be the first derivative of z**3/3 + 5*z**2 - 5*z + 2. Suppose 2*f + d + 25 = 0, 3*d = 4*f + 64 - 19. What are the prime factors of i(f)?
19
Let t(u) = u**3 - 13*u**2 - 10. Let i be t(13). Let d(s) = s + 4. Let r be d(i). List the prime factors of 2/(r/(-51)) + 1.
2, 3
Suppose 21 - 6 = 3*h. Suppose 0 - 9 = -3*n, 0 = -5*i - h*n + 10. What are the prime factors of i/(-6)*14*9?
3, 7
Suppose 101 + 515 = -4*m. Let u = 21 - m. What are the prime factors of u?
5, 7
Let r be (0 - 1/(-2))*26. Let v = r - 10. Suppose -v = -3*m + 18. What are the prime factors of m?
7
Let g = 44 + -44. Suppose g = -2*n - 4, -271 = -5*t - 2*n. What are the prime factors of t?
5, 11
Let v be ((-18)/4)/(-4 - (-497)/126). Suppose -2*l + b + 155 = 0, 2*b + 2*b + v = l. List the prime factors of l.
7, 11
Let m(v) = -v**2 + 11*v - 31. Let x be m(6). Let u(r) = 20*r**2 - 4*r - 3. What are the prime factors of u(x)?
3, 7
Let c = 4 + -4. Suppose 2*l = -0*y - 3*y + 15, -3*y + l + 6 = c. List the prime factors of -2 + 7 + y/3.
2, 3
Suppose w + 36 = 5*w + 4*p, 5*p = 25. Let v = 12 - w. List the prime factors of v.
2
Let r(h) = -12 + 52 + 22*h - 16*h. List the prime factors of r(12).
2, 7
Let g = -3780 - -8035. What are the prime factors of g?
5, 23, 37
Let y = 1888 + -210. List the prime factors of y.
2, 839
Let k(g) = -g - 18. Let u be k(-7). Suppose -5*d = -a - a + 55, 5*a - d - 103 = 0. Let i = u + a. List the prime factors of i.
3
Let s = 1219 - 526. What are the prime factors of s?
3, 7, 11
Let u be -2 - -249 - (8/(-4) + 3). Let p = -137 + u. List the prime factors of p.
109
Let a(r) = 9*r**2 - 6*r + 6. Let y(q) = -19*q**2 + 13*q - 13. Let v(j) = 13*a(j) + 6*y(j). Suppose c = -3 + 5. What are the prime factors of v(c)?
2, 3
Suppose -24*j + 15603 = -3*j. What are the prime factors of j?
743
Let j(r) = -r**3 - r**2 - r. Suppose -2*z = -3*z - 3. Let c be j(z). Let h = 49 - c. What are the prime factors of h?
2, 7
Let w(j) = 7*j + 38. Let h be w(-18). Let u = h - -170. List the prime factors of u.
2, 41
List the prime factors of (41 - 25)*61/4.
2, 61
Suppose 17*b - 4757 = 12*b - 3*a, a = -1. List the prime factors of b.
2, 7, 17
Let m(t) = 5*t - 5. Let g be m(15). Let p = g + -42. What are the prime factors of p?
2, 7
Suppose y - 27 = 4*g, -y + 5*g - 213 = -5*y. Suppose 136 - y = n. What are the prime factors of n?
89
Suppose 0 = -3*d - 2*d + 35. Suppose -61 = -6*v - d. List the prime factors of v.
3
Let o(s) = -5*s + 3. Let x be o(0). Suppose -5*c + 4*k + 0*k = -732, 0 = -c - x*k + 135. What are the prime factors of c?
2, 3
Let k = 29 - 21. What are the prime factors of -141*((-4)/15 + k/(-20))?
2, 47
Suppose -2*f + 5*t = -713, 0*f + f + t = 339. What are the prime factors of f?
2, 43
Suppose 7*d - 38 = -12*d. Suppose 2 - 10 = d*n, -3*n = 3*z - 489. List the prime factors of z.
167
Suppose 3*f + 0*i - 57 = -3*i, -37 = -3*f + 2*i. Let l(j) = -j**2 + 22*j - 6. Let d be l(f). Let v = 152 - d. What are the prime factors of v?
53
Let y = 29 - 24. Suppose 0 = -y*q + 82 + 53. List the prime factors of q.
3
List the prime factors of (54/(-81))/((-4)/10266) - 4.
3, 569
Suppose q = -3*q - 48. Let v be (-9)/(-6)*16/q. List the prime factors of ((-1)/v)/((-3)/(-102)).
17
Suppose -10 + 2 = -3*y - l, -12 = 2*y + 5*l. Suppose -5*i + 2*p + 1411 = p, y*i - 1128 = p. What are the prime factors of i?
283
Let r(j) = -9*j - 18. Let h(z) = -3*z - 6. Let p(y) = 8*h(y) - 3*r(y). What are the prime factors of p(4)?
2, 3
Let n = 939 + -249. List the prime factors of n.
2, 3, 5, 23
Suppose 6*q = 2*q - 112. Suppose 4*a - 226 = 5*g + 5*a, -2*a = -2*g - 88. Let o = q - g. What are the prime factors of o?
17
Let n = 11 + -9. Suppose -4 = n*f - 98. List the prime factors of f.
47
Suppose -11*d + 26*d = 2625. What are the prime factors of d?
5, 7
Let v(u) = -18*u + 14. Let z(q) be the second derivative of -2*q**3 + 9*q**2/2 - q. Let b(p) = -5*v(p) + 8*z(p). What are the prime factors of b(-6)?
2, 19
Let c = -13 - -12. Let u(a) = -17*a + 2*a - 12*a + 7*a - 4. List the prime factors of u(c).
2
Let z be 3 - (-118 - -3)/(0 + 1). Suppose -u + 26 + z = 0. What are the prime factors of u?
2, 3
Let t(z) = 57*z - 88. What are the prime factors of t(16)?
2, 103
Let b = 298 + 1274. What are the prime factors of b?
2, 3, 131
Suppose 91 = 3*t - 2*a, -2*a + 91 = 3*t + 8. Suppose 0 = 7*f - t - 90. What are the prime factors of f?
17
Let i(v) be the second derivative of 5*v**3/6 - v**2 - 12*v. What are the prime factors of i(6)?
2, 7
Let k = -85 + 92. Let q(a) = a**3 - 3*a**2 + 4*a + 13. What are the prime factors of q(k)?
3, 79
Let w = 267 - -321. What are the prime factors of w?
2, 3, 7
Suppose 1488 = 4*l + r - 5*r, 4*l - r = 1476. Let j(g) = 2 + 372*g**2 - 3 + g - l*g**2. What are the prime factors of j(-3)?
2
What are the prime factors of ((-1664)/48)/((14/12)/(-7))?
2, 13
Suppose 5*u - 3 = 2, -734 = 4*c + 2*u. Let s = -36 - c. List the prime factors of s.
2, 37
Suppose 0*i - i = 2. Let k(n) = n**3 + 10*n**2 + 19*n - 2. Let g be k(-6). List the prime factors of ((-17)/34)/(i/g).
7
Suppose 3*s = 4*w - 50, w = 2*w - 5. What are the prime factors of (-58)/s + (-4)/(-20)?
2, 3
Let g = 1988 - 683. List the prime factors of g.
3, 5, 29
Suppose -2 = 3*y + 2*a, y + a + 10 = -2*a. Suppose 2*k = -y*k + 484. What are the prime factors of k?
11
Let v(u) = 2*u**2 - 23*u - 127. What are the prime factors of v(-5)?
2, 19
Let o = -63 + 51. Let p = -21 - -44. Let d = o + p. List the prime factors of d.
11
Let s be (-52)/14 + (-80)/35 + 2. Let j(l) = -8 - 3*l + 0*l**2 + 2 + l**2. List the prime factors of j(s).
2, 11
Let m(n) = 14*n. Let p be 5 + -2 - (3 + 1). Let v be 0 - (3/p)/3. List the prime factors of m(v).
2, 7
Let h = 289 + 314. List the prime factors of h.
3, 67
Let u = -136 + 84. What are the prime factors of u/(285/(-55) + 5)?
2, 11, 13
Let m(g) = g + 13. Let q be m(-16). What are the prime factors of q/(-3)*2 - (5 - 20)?
17
Suppose -5*y + 5*n + 5 = 0, -2*n + 0 = -5*y + 8. Suppose -4*j - 4 = 0, 0*j - y = 4*z - 2*j. List the prime factors of (-4 - z*21) + -3.
2, 7
Let w(d) = -2*d**3 - 7*d**2 - 3*d + 4. Let m be w(-4). Suppose 4*s - 24 = m. List the prime factors of (-639)/(-13) + s/(-91).
7
Suppose 0 = -5*d + 223 + 57. Suppose 0*u - 2*u = -d. Let y = 49 - u. What are the prime factors of y?
3, 7
Let a = 387 - 182. Let h = a + -112. List the prime factors of h.
3, 31
Suppose -4770 = -3*c + 3*z, 25*c - 3192 = 23*c + 5*z. List the prime factors of c.
2, 13, 61
Suppose -8 = 3*f - f. Let t(w) = 2*w**3 - 5*w**2 - 2*w + 2. Let a be t(4). List the prime factors of f/14 - (-1944)/a.
2, 23
Let m(t) = -4*t**2 + 4*t. Let b be (50/(-15))/((-2)/3). Let f(i) = i**2 - i - 1. Let v(l) = b*f(l) + m(l). What are the prime facto